{"id":9,"date":"2025-05-30T13:50:25","date_gmt":"2025-05-30T13:50:25","guid":{"rendered":"https:\/\/www.manareality.cz\/?page_id=9"},"modified":"2025-10-16T17:21:53","modified_gmt":"2025-10-16T17:21:53","slug":"domu","status":"publish","type":"page","link":"https:\/\/www.manareality.cz\/","title":{"rendered":"dom\u016f"},"content":{"rendered":"\n\n\t<section class=\"section\" id=\"section_591607405\">\n\t\t<div class=\"section-bg fill\" >\n\t\t\t\t\t\t\t\t\t\n\t\t\t\n\n\t\t<\/div>\n\n\t\t\n\n\t\t<div class=\"section-content relative\">\n\t\t\t\n\n<div class=\"row\"  id=\"row-1808728581\">\n\n\n\t<div id=\"col-1583529943\" class=\"col medium-6 small-12 large-6\"  >\n\t\t\t\t<div class=\"col-inner\"  >\n\t\t\t\n\t\t\t\n\n\n  <div class=\"banner has-hover\" id=\"banner-635079300\">\n          <div class=\"banner-inner fill\">\n        <div class=\"banner-bg fill\" >\n            <img loading=\"lazy\" decoding=\"async\" width=\"1020\" height=\"679\" src=\"https:\/\/www.manareality.cz\/wp-content\/uploads\/2025\/10\/pronajem_result-1024x682.jpg\" class=\"bg attachment-large size-large\" alt=\"\" \/>                        <div class=\"overlay\"><\/div>            \n                    <\/div>\n\t\t\n        <div class=\"banner-layers container\">\n            <div class=\"fill banner-link\"><\/div>            \n\n   <div id=\"text-box-313926279\" class=\"text-box banner-layer x50 md-x50 lg-x50 y95 md-y95 lg-y95 res-text\">\n                                <div class=\"text-box-content text dark\">\n              \n              <div class=\"text-inner text-center\">\n                  \n\n<a data-animate=\"fadeInLeft\" href=\"https:\/\/www.manareality.cz\/index.php\/pronajem-2\/\" class=\"button alert is-shade is-xxlarge box-shadow-4 box-shadow-4-hover expand\"  style=\"border-radius:14px;\">\n\t\t<span>Pron\u00e1jem<\/span>\n\t<\/a>\n\n\n\n              <\/div>\n           <\/div>\n                            \n<style>\n#text-box-313926279 {\n  width: 60%;\n}\n#text-box-313926279 .text-box-content {\n  font-size: 100%;\n}\n<\/style>\n    <\/div>\n \n\n        <\/div>\n      <\/div>\n\n            \n<style>\n#banner-635079300 {\n  padding-top: 350px;\n  background-color: rgb(255,255,255);\n}\n#banner-635079300 .overlay {\n  background-color: rgba(255, 255, 255, 0.663);\n}\n<\/style>\n  <\/div>\n\n\n\n\t\t<\/div>\n\t\t\t\t\t<\/div>\n\n\t\n\n\t<div id=\"col-1446951799\" class=\"col medium-6 small-12 large-6\"  >\n\t\t\t\t<div class=\"col-inner\"  >\n\t\t\t\n\t\t\t\n\n\n  <div class=\"banner has-hover\" id=\"banner-1719340372\">\n          <div class=\"banner-inner fill\">\n        <div class=\"banner-bg fill\" >\n            <img loading=\"lazy\" decoding=\"async\" width=\"1020\" height=\"679\" src=\"https:\/\/www.manareality.cz\/wp-content\/uploads\/2025\/10\/prodej_result-1024x682.jpg\" class=\"bg attachment-large size-large\" alt=\"\" \/>                        <div class=\"overlay\"><\/div>            \n                    <\/div>\n\t\t\n        <div class=\"banner-layers container\">\n            <div class=\"fill banner-link\"><\/div>            \n\n   <div id=\"text-box-1796246514\" class=\"text-box banner-layer x50 md-x50 lg-x50 y95 md-y95 lg-y95 res-text\">\n                                <div class=\"text-box-content text dark\">\n              \n              <div class=\"text-inner text-center\">\n                  \n\n<a data-animate=\"fadeInRight\" href=\"https:\/\/www.manareality.cz\/index.php\/prodej\/\" class=\"button alert is-shade is-xxlarge box-shadow-5 box-shadow-5-hover\"  style=\"border-radius:10px;\">\n\t\t<span>Prodej<\/span>\n\t<\/a>\n\n\n\n              <\/div>\n           <\/div>\n                            \n<style>\n#text-box-1796246514 {\n  width: 60%;\n}\n#text-box-1796246514 .text-box-content {\n  font-size: 100%;\n}\n<\/style>\n    <\/div>\n \n\n        <\/div>\n      <\/div>\n\n            \n<style>\n#banner-1719340372 {\n  padding-top: 350px;\n  background-color: rgb(255,255,255);\n}\n#banner-1719340372 .overlay {\n  background-color: rgba(255, 255, 255, 0.663);\n}\n<\/style>\n  <\/div>\n\n\n\n\t\t<\/div>\n\t\t\t\t\t<\/div>\n\n\t\n\n<\/div>\n\n  <div class=\"banner has-hover show-for-medium\" id=\"banner-1007001173\">\n          <div class=\"banner-inner fill\">\n        <div class=\"banner-bg fill\" >\n            <img loading=\"lazy\" decoding=\"async\" width=\"912\" height=\"680\" src=\"https:\/\/www.manareality.cz\/wp-content\/uploads\/2025\/09\/Vystrizek.jpg\" class=\"bg attachment-large size-large\" alt=\"\" \/>                        <div class=\"overlay\"><\/div>            \n                    <\/div>\n\t\t\n        <div class=\"banner-layers container\">\n            <div class=\"fill banner-link\"><\/div>            \n\n   <div id=\"text-box-542185073\" class=\"text-box banner-layer x50 md-x50 lg-x50 y95 md-y95 lg-y95 res-text\">\n                                <div class=\"text-box-content text dark\">\n              \n              <div class=\"text-inner text-center\">\n                  \n\n<a data-animate=\"fadeInLeft\" href=\"https:\/\/www.manareality.cz\/index.php\/kontakty\/\" class=\"button alert is-shade is-xxlarge box-shadow-4 box-shadow-4-hover expand\"  style=\"border-radius:14px;\">\n\t\t<span>Kontakt<\/span>\n\t<\/a>\n\n\n\n              <\/div>\n           <\/div>\n                            \n<style>\n#text-box-542185073 {\n  width: 60%;\n}\n#text-box-542185073 .text-box-content {\n  font-size: 100%;\n}\n<\/style>\n    <\/div>\n \n\n        <\/div>\n      <\/div>\n\n            \n<style>\n#banner-1007001173 {\n  padding-top: 250px;\n  background-color: rgb(255,255,255);\n}\n#banner-1007001173 .overlay {\n  background-color: rgba(255, 255, 255, 0.663);\n}\n<\/style>\n  <\/div>\n\n\n\n\t\t<\/div>\n\n\t\t\n<style>\n#section_591607405 {\n  padding-top: 30px;\n  padding-bottom: 30px;\n}\n<\/style>\n\t<\/section>\n\t\n\n\t<section class=\"section\" id=\"section_1164140451\">\n\t\t<div class=\"section-bg fill\" >\n\t\t\t\t\t\t\t\t\t\n\t\t\t\n\n\t\t<\/div>\n\n\t\t\n\n\t\t<div class=\"section-content relative\">\n\t\t\t\n\n\n  <div class=\"banner has-hover\" id=\"banner-1118121785\">\n          <div class=\"banner-inner fill\">\n        <div class=\"banner-bg fill\" >\n            <img loading=\"lazy\" decoding=\"async\" width=\"1020\" height=\"680\" src=\"https:\/\/www.manareality.cz\/wp-content\/uploads\/2025\/06\/e23f3a91-a3e5-40cb-b273-f66c5c086972-1024x683.png\" class=\"bg attachment-large size-large\" alt=\"\" \/>                                    \n                    <\/div>\n\t\t\n        <div class=\"banner-layers container\">\n            <div class=\"fill banner-link\"><\/div>            \n\n   <div id=\"text-box-758730759\" class=\"text-box banner-layer x5 md-x5 lg-x5 y5 md-y5 lg-y5 res-text\">\n                                <div class=\"text-box-content text dark\">\n              \n              <div class=\"text-inner text-center\">\n                  \n\n\t<div id=\"text-3779564960\" class=\"text\">\n\t\t\n\n<h3 class=\"uppercase thin-font\">Manareality<\/h3>\n<p class=\"thin-font\">Jsme realitn\u00ed kancel\u00e1\u0159 s mnoha lety zku\u0161enost\u00ed.\u00a0<br \/>Specializujeme se na slu\u017eby v oblasti nemovitost\u00ed zejm\u00e9na v Brn\u011b a jeho okol\u00ed.<\/p>\n\t\t\n<style>\n#text-3779564960 {\n  text-align: left;\n  color: rgb(255,255,255);\n}\n#text-3779564960 > * {\n  color: rgb(255,255,255);\n}\n<\/style>\n\t<\/div>\n\t\n\n              <\/div>\n           <\/div>\n                            \n<style>\n#text-box-758730759 {\n  width: 51%;\n}\n#text-box-758730759 .text-box-content {\n  font-size: 100%;\n}\n<\/style>\n    <\/div>\n \n\n        <\/div>\n      <\/div>\n\n            \n<style>\n#banner-1118121785 {\n  padding-top: 500px;\n}\n<\/style>\n  <\/div>\n\n\n\n\t\t<\/div>\n\n\t\t\n<style>\n#section_1164140451 {\n  padding-top: 30px;\n  padding-bottom: 30px;\n}\n<\/style>\n\t<\/section>\n\t\n\n\t<section class=\"section\" id=\"section_1093847168\">\n\t\t<div class=\"section-bg fill\" >\n\t\t\t\t\t\t\t\t\t\n\t\t\t\n\n\t\t<\/div>\n\n\t\t\n\n\t\t<div class=\"section-content relative\">\n\t\t\t\n\n<div class=\"row\"  id=\"row-544616676\">\n\n\n\t<div id=\"col-137752921\" class=\"col medium-4 small-12 large-4\"  >\n\t\t\t\t<div class=\"col-inner\"  >\n\t\t\t\n\t\t\t\n\n<h2 class=\"uppercase\">Na\u0161e slu\u017eby:<\/h2>\n\n\t\t<\/div>\n\t\t\t\t\t<\/div>\n\n\t\n\n\t<div id=\"col-349627702\" class=\"col medium-4 small-12 large-4\"  >\n\t\t\t\t<div class=\"col-inner\"  >\n\t\t\t\n\t\t\t\n\n\n\t\t<\/div>\n\t\t\t\t\t<\/div>\n\n\t\n\n\t<div id=\"col-77953933\" class=\"col medium-4 small-12 large-4\"  >\n\t\t\t\t<div class=\"col-inner\"  >\n\t\t\t\n\t\t\t\n\n\n\t\t<\/div>\n\t\t\t\t\t<\/div>\n\n\t\n\n<\/div>\n<div class=\"row align-middle align-center\"  id=\"row-691921906\">\n\n\n\t<div id=\"col-427380922\" class=\"col medium-4 small-12 large-4 col-divided col-hover-focus\"  data-animate=\"fadeInLeft\">\n\t\t\t\t<div class=\"col-inner text-center box-shadow-2-hover\"  >\n\t\t\t\n\t\t\t\n\n<div class=\"is-divider divider clearfix\" ><\/div>\n\n\t<div id=\"text-2146178159\" class=\"text\">\n\t\t\n\n<h2><a href=\"https:\/\/www.manareality.cz\/index.php\/prodej-nemovitosti\/\">Prodej va\u0161\u00ed <\/a><br \/>nemovitosti<\/h2>\n\t\t\n<style>\n#text-2146178159 {\n  text-align: center;\n}\n<\/style>\n\t<\/div>\n\t\n\n\t\t<\/div>\n\t\t\t\t\n<style>\n#col-427380922 > .col-inner {\n  margin: 0px 0px 0px 0px;\n}\n<\/style>\n\t<\/div>\n\n\t\n\n\t<div id=\"col-411475167\" class=\"col medium-4 small-12 large-4 col-divided col-hover-focus\"  data-animate=\"fadeInLeft\">\n\t\t\t\t<div class=\"col-inner text-center box-shadow-2-hover\"  >\n\t\t\t\n\t\t\t\n\n<div class=\"is-divider divider clearfix\" ><\/div>\n\n<h2><a href=\"https:\/\/www.manareality.cz\/index.php\/odhad\/\">Odhad tr\u017en\u00ed ceny nemovitosti<\/a><\/h2>\n\n\t\t<\/div>\n\t\t\t\t\n<style>\n#col-411475167 > .col-inner {\n  margin: 0px 0px 0px 0px;\n}\n<\/style>\n\t<\/div>\n\n\t\n\n\t<div id=\"col-1110842260\" class=\"col medium-4 small-12 large-4 col-divided col-hover-focus\"  data-animate=\"fadeInLeft\">\n\t\t\t\t<div class=\"col-inner text-center box-shadow-2-hover\"  >\n\t\t\t\n\t\t\t\n\n<div class=\"is-divider divider clearfix\" ><\/div>\n\n<h2><a href=\"https:\/\/www.manareality.cz\/index.php\/priprava\/\">P\u0159\u00edprava prodeje nemovitosti<\/a><\/h2>\n\n\t\t<\/div>\n\t\t\t\t\n<style>\n#col-1110842260 > .col-inner {\n  margin: 0px 0px 0px 0px;\n}\n<\/style>\n\t<\/div>\n\n\t\n\n<\/div>\n<div class=\"row align-middle align-center\"  id=\"row-429746507\">\n\n\n\t<div id=\"col-286351536\" class=\"col medium-4 small-12 large-4 col-divided col-hover-focus\"  data-animate=\"fadeInLeft\">\n\t\t\t\t<div class=\"col-inner text-center box-shadow-2-hover\"  >\n\t\t\t\n\t\t\t\n\n<div class=\"is-divider divider clearfix\" ><\/div>\n\n\t<div id=\"text-2427909272\" class=\"text\">\n\t\t\n\n<h2><a href=\"https:\/\/www.manareality.cz\/index.php\/3d\/\">3D virtu\u00e1ln\u00ed <\/a><br \/>prohl\u00eddka<\/h2>\n\t\t\n<style>\n#text-2427909272 {\n  text-align: center;\n}\n<\/style>\n\t<\/div>\n\t\n\n\t\t<\/div>\n\t\t\t\t\n<style>\n#col-286351536 > .col-inner {\n  margin: 0px 0px 0px 0px;\n}\n<\/style>\n\t<\/div>\n\n\t\n\n\t<div id=\"col-950529309\" class=\"col medium-4 small-12 large-4 col-divided col-hover-focus\"  data-animate=\"fadeInLeft\">\n\t\t\t\t<div class=\"col-inner text-center box-shadow-2-hover\"  >\n\t\t\t\n\t\t\t\n\n<div class=\"is-divider divider clearfix\" ><\/div>\n\n<h2><a href=\"https:\/\/www.manareality.cz\/index.php\/videoprohlidka\/\">Videoprohl\u00eddka<\/a><\/h2>\n\n\t\t<\/div>\n\t\t\t\t\n<style>\n#col-950529309 > .col-inner {\n  margin: 0px 0px 0px 0px;\n}\n<\/style>\n\t<\/div>\n\n\t\n\n\t<div id=\"col-642272091\" class=\"col medium-4 small-12 large-4 col-divided col-hover-focus\"  data-animate=\"fadeInLeft\">\n\t\t\t\t<div class=\"col-inner text-center box-shadow-2-hover\"  >\n\t\t\t\n\t\t\t\n\n<div class=\"is-divider divider clearfix\" ><\/div>\n\n<h2><a href=\"https:\/\/www.manareality.cz\/index.php\/web\/\">Web nemovitosti<\/a><\/h2>\n\n\t\t<\/div>\n\t\t\t\t\n<style>\n#col-642272091 > .col-inner {\n  margin: 0px 0px 0px 0px;\n}\n<\/style>\n\t<\/div>\n\n\t\n\n<\/div>\n<div class=\"row align-middle align-center\"  id=\"row-1631940568\">\n\n\n\t<div id=\"col-1504406492\" class=\"col medium-4 small-12 large-4 col-divided col-hover-focus\"  data-animate=\"fadeInLeft\">\n\t\t\t\t<div class=\"col-inner text-center box-shadow-2-hover\"  >\n\t\t\t\n\t\t\t\n\n<div class=\"is-divider divider clearfix\" ><\/div>\n\n\t<div id=\"text-1485570733\" class=\"text\">\n\t\t\n\n<h2><a href=\"https:\/\/www.manareality.cz\/index.php\/financovani\/\">Financov\u00e1n\u00ed <\/a><br \/>nemovitosti<\/h2>\n\t\t\n<style>\n#text-1485570733 {\n  text-align: center;\n}\n<\/style>\n\t<\/div>\n\t\n\n\t\t<\/div>\n\t\t\t\t\n<style>\n#col-1504406492 > .col-inner {\n  margin: 0px 0px 0px 0px;\n}\n<\/style>\n\t<\/div>\n\n\t\n\n\t<div id=\"col-794164335\" class=\"col medium-4 small-12 large-4 col-divided col-hover-focus\"  data-animate=\"fadeInLeft\">\n\t\t\t\t<div class=\"col-inner text-center box-shadow-2-hover\"  >\n\t\t\t\n\t\t\t\n\n<div class=\"is-divider divider clearfix\" ><\/div>\n\n<h2><a href=\"https:\/\/www.manareality.cz\/index.php\/pronajem\/\">Pron\u00e1jem nemovitosti<\/a><\/h2>\n\n\t\t<\/div>\n\t\t\t\t\n<style>\n#col-794164335 > .col-inner {\n  margin: 0px 0px 0px 0px;\n}\n<\/style>\n\t<\/div>\n\n\t\n\n\t<div id=\"col-710603248\" class=\"col medium-4 small-12 large-4 col-divided col-hover-focus\"  data-animate=\"fadeInLeft\">\n\t\t\t\t<div class=\"col-inner text-center box-shadow-2-hover\"  >\n\t\t\t\n\t\t\t\n\n<div class=\"is-divider divider clearfix\" ><\/div>\n\n<h2><a href=\"https:\/\/www.manareality.cz\/index.php\/pravni-sluzby\/\">Pr\u00e1vn\u00ed slu\u017eby<\/a><\/h2>\n\n\t\t<\/div>\n\t\t\t\t\n<style>\n#col-710603248 > .col-inner {\n  margin: 0px 0px 0px 0px;\n}\n<\/style>\n\t<\/div>\n\n\t\n\n<\/div>\n\n\t\t<\/div>\n\n\t\t\n<style>\n#section_1093847168 {\n  padding-top: 30px;\n  padding-bottom: 30px;\n}\n<\/style>\n\t<\/section>\n\t\n<div class=\"text-center\"><div class=\"is-divider divider clearfix\" style=\"max-width:800px;\"><\/div><\/div>\n\n\n\t<section class=\"section\" id=\"section_203865388\">\n\t\t<div class=\"section-bg fill\" >\n\t\t\t\t\t\t\t\t\t\n\t\t\t\n\n\t\t<\/div>\n\n\t\t\n\n\t\t<div class=\"section-content relative\">\n\t\t\t\n\n<div class=\"slider-wrapper relative\" id=\"slider-1910001719\" >\n    <div class=\"slider slider-nav-circle slider-nav-large slider-nav-light slider-style-normal\"\n        data-flickity-options='{\n            \"cellAlign\": \"center\",\n            \"imagesLoaded\": true,\n            \"lazyLoad\": 1,\n            \"freeScroll\": false,\n            \"wrapAround\": true,\n            \"autoPlay\": 6000,\n            \"pauseAutoPlayOnHover\" : true,\n            \"prevNextButtons\": true,\n            \"contain\" : true,\n            \"adaptiveHeight\" : true,\n            \"dragThreshold\" : 10,\n            \"percentPosition\": true,\n            \"pageDots\": true,\n            \"rightToLeft\": false,\n            \"draggable\": true,\n            \"selectedAttraction\": 0.1,\n            \"parallax\" : 0,\n            \"friction\": 0.6        }'\n        >\n        \n\n\n  <div class=\"banner has-hover\" id=\"banner-1617801918\">\n          <div class=\"banner-inner fill\">\n        <div class=\"banner-bg fill\" >\n            <img loading=\"lazy\" decoding=\"async\" width=\"1020\" height=\"679\" src=\"https:\/\/www.manareality.cz\/wp-content\/uploads\/2025\/06\/canal-2667392_1280-1024x682.jpg\" class=\"bg attachment-large size-large\" alt=\"\" \/>                                    \n                    <\/div>\n\t\t\n        <div class=\"banner-layers container\">\n            <div class=\"fill banner-link\"><\/div>            \n\n   <div id=\"text-box-748076619\" class=\"text-box banner-layer x5 md-x5 lg-x5 y15 md-y15 lg-y15 res-text\">\n                                <div class=\"text-box-content text dark\">\n              \n              <div class=\"text-inner text-center\">\n                  \n\n\t<div id=\"text-3604258536\" class=\"text\">\n\t\t\n\n<h3 class=\"uppercase\" style=\"text-align: left;\"><strong>Vy m\u00e1te sen,<\/strong><\/h3>\n<p>my v\u00edme jak ho splnit. A\u0165 u\u017e je jak\u00fdkoliv.\u00a0<\/p>\n\t\t\n<style>\n#text-3604258536 {\n  text-align: left;\n  color: rgb(255, 255, 255);\n}\n#text-3604258536 > * {\n  color: rgb(255, 255, 255);\n}\n<\/style>\n\t<\/div>\n\t\n\n              <\/div>\n           <\/div>\n                            \n<style>\n#text-box-748076619 .text-box-content {\n  background-color: rgba(104, 104, 104, 0.453);\n  font-size: 100%;\n}\n#text-box-748076619 {\n  width: 31%;\n}\n<\/style>\n    <\/div>\n \n\n        <\/div>\n      <\/div>\n\n            \n<style>\n#banner-1617801918 {\n  padding-top: 500px;\n}\n<\/style>\n  <\/div>\n\n\n\n  <div class=\"banner has-hover\" id=\"banner-2019310909\">\n          <div class=\"banner-inner fill\">\n        <div class=\"banner-bg fill\" >\n            <img loading=\"lazy\" decoding=\"async\" width=\"1020\" height=\"574\" src=\"https:\/\/www.manareality.cz\/wp-content\/uploads\/2025\/06\/city-4994290_1280-1024x576.jpg\" class=\"bg attachment-large size-large\" alt=\"\" \/>                                    \n                    <\/div>\n\t\t\n        <div class=\"banner-layers container\">\n            <div class=\"fill banner-link\"><\/div>            \n\n   <div id=\"text-box-1633469162\" class=\"text-box banner-layer x95 md-x95 lg-x95 y10 md-y10 lg-y10 res-text\">\n                                <div class=\"text-box-content text dark\">\n              \n              <div class=\"text-inner text-center\">\n                  \n\n\t<div id=\"text-2952879415\" class=\"text\">\n\t\t\n\n<h3 class=\"uppercase\" style=\"text-align: left;\"><strong>Proto\u017ee,<\/strong><\/h3>\n<p>jsme ka\u017ed\u00fd jin\u00fd n\u011bkdo m\u00e1 r\u00e1d ruch velkom\u011bsta a skv\u011bl\u00e9 slu\u017eby.<\/p>\n\t\t\n<style>\n#text-2952879415 {\n  text-align: left;\n  color: rgb(255, 255, 255);\n}\n#text-2952879415 > * {\n  color: rgb(255, 255, 255);\n}\n<\/style>\n\t<\/div>\n\t\n\n              <\/div>\n           <\/div>\n                            \n<style>\n#text-box-1633469162 .text-box-content {\n  background-color: rgba(104, 104, 104, 0.453);\n  font-size: 100%;\n}\n#text-box-1633469162 {\n  width: 31%;\n}\n<\/style>\n    <\/div>\n \n\n        <\/div>\n      <\/div>\n\n            \n<style>\n#banner-2019310909 {\n  padding-top: 500px;\n}\n<\/style>\n  <\/div>\n\n\n\n  <div class=\"banner has-hover\" id=\"banner-1095440288\">\n          <div class=\"banner-inner fill\">\n        <div class=\"banner-bg fill\" >\n            <img loading=\"lazy\" decoding=\"async\" width=\"1020\" height=\"679\" src=\"https:\/\/www.manareality.cz\/wp-content\/uploads\/2025\/06\/weekend-694845_1280-1024x682.jpg\" class=\"bg attachment-large size-large\" alt=\"\" \/>                                    \n                    <\/div>\n\t\t\n        <div class=\"banner-layers container\">\n            <div class=\"fill banner-link\"><\/div>            \n\n   <div id=\"text-box-630458399\" class=\"text-box banner-layer x5 md-x5 lg-x5 y10 md-y10 lg-y10 res-text\">\n                                <div class=\"text-box-content text dark\">\n              \n              <div class=\"text-inner text-center\">\n                  \n\n\t<div id=\"text-3043391742\" class=\"text\">\n\t\t\n\n<h3 class=\"uppercase\" style=\"text-align: left;\"><strong>Jin\u00fd zase v\u00fdhled,<\/strong><\/h3>\n<p>p\u0159\u00edrodu a homeoffice.<\/p>\n\t\t\n<style>\n#text-3043391742 {\n  text-align: left;\n  color: rgb(255, 255, 255);\n}\n#text-3043391742 > * {\n  color: rgb(255, 255, 255);\n}\n<\/style>\n\t<\/div>\n\t\n\n              <\/div>\n           <\/div>\n                            \n<style>\n#text-box-630458399 .text-box-content {\n  background-color: rgba(104, 104, 104, 0.453);\n  font-size: 100%;\n}\n#text-box-630458399 {\n  width: 31%;\n}\n<\/style>\n    <\/div>\n \n\n        <\/div>\n      <\/div>\n\n            \n<style>\n#banner-1095440288 {\n  padding-top: 500px;\n}\n<\/style>\n  <\/div>\n\n\n\n  <div class=\"banner has-hover\" id=\"banner-1568243402\">\n          <div class=\"banner-inner fill\">\n        <div class=\"banner-bg fill\" >\n            <img loading=\"lazy\" decoding=\"async\" width=\"1020\" height=\"679\" src=\"https:\/\/www.manareality.cz\/wp-content\/uploads\/2025\/06\/island-4798722_1280-1024x682.jpg\" class=\"bg attachment-large size-large\" alt=\"\" \/>                                    \n                    <\/div>\n\t\t\n        <div class=\"banner-layers container\">\n            <div class=\"fill banner-link\"><\/div>            \n\n   <div id=\"text-box-297568205\" class=\"text-box banner-layer x95 md-x95 lg-x95 y10 md-y10 lg-y10 res-text\">\n                                <div class=\"text-box-content text dark\">\n              \n              <div class=\"text-inner text-center\">\n                  \n\n\t<div id=\"text-1483334145\" class=\"text\">\n\t\t\n\n<h3 class=\"uppercase\" style=\"text-align: left;\"><strong>n\u011bkdo je pro\u00a0<br \/>Samotu<br \/><\/strong><\/h3>\n<p>A to i absolutn\u00ed.<\/p>\n\t\t\n<style>\n#text-1483334145 {\n  text-align: left;\n  color: rgb(255, 255, 255);\n}\n#text-1483334145 > * {\n  color: rgb(255, 255, 255);\n}\n<\/style>\n\t<\/div>\n\t\n\n              <\/div>\n           <\/div>\n                            \n<style>\n#text-box-297568205 .text-box-content {\n  background-color: rgba(104, 104, 104, 0.453);\n  font-size: 100%;\n}\n#text-box-297568205 {\n  width: 31%;\n}\n<\/style>\n    <\/div>\n \n\n        <\/div>\n      <\/div>\n\n            \n<style>\n#banner-1568243402 {\n  padding-top: 500px;\n}\n<\/style>\n  <\/div>\n\n\n\n  <div class=\"banner has-hover\" id=\"banner-1949611819\">\n          <div class=\"banner-inner fill\">\n        <div class=\"banner-bg fill\" >\n            <img loading=\"lazy\" decoding=\"async\" width=\"480\" height=\"640\" src=\"https:\/\/www.manareality.cz\/wp-content\/uploads\/2025\/06\/suffolk-14195_640.jpg\" class=\"bg attachment-large size-large\" alt=\"\" \/>                                    \n                    <\/div>\n\t\t\n        <div class=\"banner-layers container\">\n            <div class=\"fill banner-link\"><\/div>            \n\n   <div id=\"text-box-32153707\" class=\"text-box banner-layer x5 md-x5 lg-x5 y90 md-y90 lg-y90 res-text\">\n                                <div class=\"text-box-content text dark\">\n              \n              <div class=\"text-inner text-center\">\n                  \n\n\t<div id=\"text-1090943495\" class=\"text\">\n\t\t\n\n<h3 class=\"uppercase\" style=\"text-align: left;\"><strong>my jsme tu pro V\u00e1s,\u00a0<\/strong><\/h3>\n<p>pom\u016f\u017eeme V\u00e1m splnit sen o bydlen\u00ed, proto\u017ee<br \/>i panel\u00e1k m\u016f\u017eeme b\u00fdt V\u00e1\u0161 hrad, V\u00e1\u0161 domov.<\/p>\n\t\t\n<style>\n#text-1090943495 {\n  text-align: left;\n  color: rgb(255, 255, 255);\n}\n#text-1090943495 > * {\n  color: rgb(255, 255, 255);\n}\n<\/style>\n\t<\/div>\n\t\n\n              <\/div>\n           <\/div>\n                            \n<style>\n#text-box-32153707 .text-box-content {\n  background-color: rgba(104, 104, 104, 0.453);\n  font-size: 100%;\n}\n#text-box-32153707 {\n  width: 40%;\n}\n<\/style>\n    <\/div>\n \n\n        <\/div>\n      <\/div>\n\n            \n<style>\n#banner-1949611819 {\n  padding-top: 500px;\n}\n#banner-1949611819 .banner-bg img {\n  object-position: 3% 42%;\n}\n<\/style>\n  <\/div>\n\n\n\n     <\/div>\n\n     <div class=\"loading-spin dark large centered\"><\/div>\n\n\t<\/div>\n\n\n\n\t\t<\/div>\n\n\t\t\n<style>\n#section_203865388 {\n  padding-top: 30px;\n  padding-bottom: 30px;\n}\n<\/style>\n\t<\/section>\n\t\n\n","protected":false},"excerpt":{"rendered":"","protected":false},"author":1,"featured_media":0,"parent":0,"menu_order":0,"comment_status":"closed","ping_status":"closed","template":"","meta":{"footnotes":""},"class_list":["post-9","page","type-page","status-publish","hentry"],"_links":{"self":[{"href":"https:\/\/www.manareality.cz\/index.php\/wp-json\/wp\/v2\/pages\/9","targetHints":{"allow":["GET"]}}],"collection":[{"href":"https:\/\/www.manareality.cz\/index.php\/wp-json\/wp\/v2\/pages"}],"about":[{"href":"https:\/\/www.manareality.cz\/index.php\/wp-json\/wp\/v2\/types\/page"}],"author":[{"embeddable":true,"href":"https:\/\/www.manareality.cz\/index.php\/wp-json\/wp\/v2\/users\/1"}],"replies":[{"embeddable":true,"href":"https:\/\/www.manareality.cz\/index.php\/wp-json\/wp\/v2\/comments?post=9"}],"version-history":[{"count":26,"href":"https:\/\/www.manareality.cz\/index.php\/wp-json\/wp\/v2\/pages\/9\/revisions"}],"predecessor-version":[{"id":507,"href":"https:\/\/www.manareality.cz\/index.php\/wp-json\/wp\/v2\/pages\/9\/revisions\/507"}],"wp:attachment":[{"href":"https:\/\/www.manareality.cz\/index.php\/wp-json\/wp\/v2\/media?parent=9"}],"curies":[{"name":"wp","href":"https:\/\/api.w.org\/{rel}","templated":true}]}}