{"id":66,"date":"2025-06-01T19:49:16","date_gmt":"2025-06-01T19:49:16","guid":{"rendered":"https:\/\/www.manareality.cz\/?page_id=66"},"modified":"2025-07-08T20:12:53","modified_gmt":"2025-07-08T20:12:53","slug":"financovani","status":"publish","type":"page","link":"https:\/\/www.manareality.cz\/index.php\/financovani\/","title":{"rendered":"financov\u00e1n\u00ed"},"content":{"rendered":"\n\n\t<section class=\"section\" id=\"section_448125613\">\n\t\t<div class=\"section-bg fill\" >\n\t\t\t\t\t\t\t\t\t\n\t\t\t\n\n\t\t<\/div>\n\n\t\t\n\n\t\t<div class=\"section-content relative\">\n\t\t\t\n\n<div class=\"row\"  id=\"row-965486612\">\n\n\n\t<div id=\"col-1528999412\" class=\"col medium-1 small-12 large-1\"  >\n\t\t\t\t<div class=\"col-inner\"  >\n\t\t\t\n\t\t\t\n\n\n\t\t<\/div>\n\t\t\t\t\t<\/div>\n\n\t\n\n\t<div id=\"col-1541628483\" class=\"col medium-5 small-12 large-5\"  >\n\t\t\t\t<div class=\"col-inner\"  >\n\t\t\t\n\t\t\t\n\n<h2 class=\"uppercase\">financov\u00e1n\u00ed nemovitosti<\/h2>\n<p>nejd\u016fle\u017eit\u011bj\u0161\u00ed z\u00e1le\u017eitost?<\/p>\n<p data-start=\"170\" data-end=\"481\">Zaji\u0161t\u011bn\u00ed financov\u00e1n\u00ed je jedn\u00edm z nejd\u016fle\u017eit\u011bj\u0161\u00edch krok\u016f p\u0159i koupi nemovitosti. V dne\u0161n\u00ed dob\u011b, kdy se podm\u00ednky na trhu neust\u00e1le m\u011bn\u00ed, m\u016f\u017ee b\u00fdt v\u00fdb\u011br vhodn\u00e9ho \u00fav\u011brov\u00e9ho \u0159e\u0161en\u00ed n\u00e1ro\u010dn\u00fd. Porovn\u00e1n\u00ed nab\u00eddek jednotliv\u00fdch bank, vy\u0159\u00edzen\u00ed dokumentace a orientace v mo\u017enostech financov\u00e1n\u00ed \u010dasto vy\u017eaduje zku\u0161enosti a \u010das.<\/p>\n<p data-start=\"483\" data-end=\"742\">Proto nab\u00edz\u00edme mo\u017enost zaji\u0161t\u011bn\u00ed profesion\u00e1ln\u00edho poradenstv\u00ed v oblasti financov\u00e1n\u00ed. Spolupracujeme s ov\u011b\u0159en\u00fdmi hypote\u010dn\u00edmi specialisty, kte\u0159\u00ed se dlouhodob\u011b pohybuj\u00ed v oboru, sleduj\u00ed aktu\u00e1ln\u00ed podm\u00ednky a pomohou naj\u00edt \u0159e\u0161en\u00ed na m\u00edru konkr\u00e9tn\u00edm pot\u0159eb\u00e1m klienta.<\/p>\n<p data-start=\"744\" data-end=\"1007\">Zaji\u0161t\u011bn\u00ed \u00fav\u011bru p\u0159es zku\u0161en\u00e9ho odborn\u00edka m\u016f\u017ee u\u0161et\u0159it nejen starosti, ale \u010dasto i v\u00fdznamn\u00e9 finan\u010dn\u00ed prost\u0159edky. D\u00edky p\u0159ehledu o aktu\u00e1ln\u00edch akc\u00edch bank a p\u0159\u00edm\u00fdm kontakt\u016fm s \u00fav\u011brov\u00fdmi institucemi m\u016f\u017ee b\u00fdt cel\u00fd proces rychlej\u0161\u00ed, efektivn\u011bj\u0161\u00ed a bez zbyte\u010dn\u00e9ho stresu.<\/p>\n<p data-start=\"1009\" data-end=\"1179\">R\u00e1di v\u00e1m pom\u016f\u017eeme s propojen\u00edm na ov\u011b\u0159en\u00e9ho specialistu, kter\u00fd v\u00e1s procesem bezpe\u010dn\u011b provede a pom\u016f\u017ee zajistit co nejv\u00fdhodn\u011bj\u0161\u00ed podm\u00ednky pro financov\u00e1n\u00ed va\u0161\u00ed nemovitosti.<\/p>\n\n\t\t<\/div>\n\t\t\t\t\t<\/div>\n\n\t\n\n\t<div id=\"col-958525596\" class=\"col medium-6 small-12 large-6\"  >\n\t\t\t\t<div class=\"col-inner\"  >\n\t\t\t\n\t\t\t\n\n\t<div class=\"img has-hover x md-x lg-x y md-y lg-y\" id=\"image_228404079\">\n\t\t\t\t\t\t\t\t<div class=\"img-inner dark\" >\n\t\t\t<img loading=\"lazy\" decoding=\"async\" width=\"682\" height=\"1024\" src=\"https:\/\/www.manareality.cz\/wp-content\/uploads\/2025\/06\/modern-minimalist-stairwell-3464440_1280-682x1024.jpg\" class=\"attachment-large size-large\" alt=\"\" srcset=\"https:\/\/www.manareality.cz\/wp-content\/uploads\/2025\/06\/modern-minimalist-stairwell-3464440_1280-682x1024.jpg 682w, https:\/\/www.manareality.cz\/wp-content\/uploads\/2025\/06\/modern-minimalist-stairwell-3464440_1280-200x300.jpg 200w, https:\/\/www.manareality.cz\/wp-content\/uploads\/2025\/06\/modern-minimalist-stairwell-3464440_1280-768x1152.jpg 768w, https:\/\/www.manareality.cz\/wp-content\/uploads\/2025\/06\/modern-minimalist-stairwell-3464440_1280.jpg 853w\" sizes=\"auto, (max-width: 682px) 100vw, 682px\" \/>\t\t\t\t\t\t\n\t\t\t\t\t<\/div>\n\t\t\t\t\t\t\t\t\n<style>\n#image_228404079 {\n  width: 100%;\n}\n<\/style>\n\t<\/div>\n\t\n\n\n\t\t<\/div>\n\t\t\t\t\t<\/div>\n\n\t\n\n<\/div>\n<div class=\"row\"  id=\"row-2095522652\">\n\n\n\t<div id=\"col-546066372\" class=\"col medium-1 small-12 large-1\"  >\n\t\t\t\t<div class=\"col-inner\"  >\n\t\t\t\n\t\t\t\n\n\n\t\t<\/div>\n\t\t\t\t\t<\/div>\n\n\t\n\n\t<div id=\"col-1146516683\" class=\"col medium-10 small-12 large-10\"  >\n\t\t\t\t<div class=\"col-inner\"  >\n\t\t\t\n\t\t\t\n\n\n\t\t<\/div>\n\t\t\t\t\t<\/div>\n\n\t\n\n\t<div id=\"col-1191414400\" class=\"col medium-1 small-12 large-1\"  >\n\t\t\t\t<div class=\"col-inner\"  >\n\t\t\t\n\t\t\t\n\n\n\t\t<\/div>\n\t\t\t\t\t<\/div>\n\n\t\n\n<\/div>\n\n\t\t<\/div>\n\n\t\t\n<style>\n#section_448125613 {\n  padding-top: 30px;\n  padding-bottom: 30px;\n}\n<\/style>\n\t<\/section>\n\t\n\n","protected":false},"excerpt":{"rendered":"","protected":false},"author":1,"featured_media":0,"parent":0,"menu_order":0,"comment_status":"closed","ping_status":"closed","template":"","meta":{"footnotes":""},"class_list":["post-66","page","type-page","status-publish","hentry"],"_links":{"self":[{"href":"https:\/\/www.manareality.cz\/index.php\/wp-json\/wp\/v2\/pages\/66","targetHints":{"allow":["GET"]}}],"collection":[{"href":"https:\/\/www.manareality.cz\/index.php\/wp-json\/wp\/v2\/pages"}],"about":[{"href":"https:\/\/www.manareality.cz\/index.php\/wp-json\/wp\/v2\/types\/page"}],"author":[{"embeddable":true,"href":"https:\/\/www.manareality.cz\/index.php\/wp-json\/wp\/v2\/users\/1"}],"replies":[{"embeddable":true,"href":"https:\/\/www.manareality.cz\/index.php\/wp-json\/wp\/v2\/comments?post=66"}],"version-history":[{"count":4,"href":"https:\/\/www.manareality.cz\/index.php\/wp-json\/wp\/v2\/pages\/66\/revisions"}],"predecessor-version":[{"id":71,"href":"https:\/\/www.manareality.cz\/index.php\/wp-json\/wp\/v2\/pages\/66\/revisions\/71"}],"wp:attachment":[{"href":"https:\/\/www.manareality.cz\/index.php\/wp-json\/wp\/v2\/media?parent=66"}],"curies":[{"name":"wp","href":"https:\/\/api.w.org\/{rel}","templated":true}]}}